4*a. What is the remainder when 9 is divided by a?
4
Let n be 2*(-16)/4 + 3. Calculate the remainder when (-103)/(-4) - n/20 is divided by 14.
12
Let y = 11 + -14. What is the remainder when (-62)/y*3/2 is divided by 16?
15
Let f(t) = t**3 - 4*t**2 + 3*t + 3. Suppose 4*u = 2*l - 26, 6*l - l - u = 38. What is the remainder when l is divided by f(3)?
1
Let j = -39 - -46. Suppose k = -3*k + 48. What is the remainder when k is divided by j?
5
Let c = 16 + 4. Calculate the remainder when 2/(-8) + (-2097)/(-36) is divided by c.
18
Let q(u) = -4*u + 1. Let w = -8 - -25. What is the remainder when w is divided by q(-2)?
8
Suppose 0 = 3*l + 2*l. Suppose l - 12 = -4*d. Suppose 0 = -d*z + 34 + 11. Calculate the remainder when 43 is divided by z.
13
Let s(w) = w**3 - 7*w**2 + 6*w + 1. Suppose 4 = 2*h - 0. Suppose -h*t - 10 = -3*m, -t + 4 = 4*m - 6*t. Calculate the remainder when 1 is divided by s(m).
0
Let g = 6 + -1. Suppose g*m - 137 = -2*w, -79 = -3*m - 0*w + 2*w. Calculate the remainder when m is divided by 10.
7
Suppose 0 = -z + 60 + 17. Suppose 4*v - 27 = z. Suppose -2*k - 2 = -30. What is the remainder when v is divided by k?
12
Let c(u) be the second derivative of 8*u**3/3 - u. Calculate the remainder when c(3) is divided by 25.
23
Let l(d) = d**2 - 4*d + 7. Calculate the remainder when 71 is divided by l(5).
11
Let f be (0/(-2))/(2*(-5)/10). Let v(m) = 7 + 11 - 3 + m**2. What is the remainder when v(f) is divided by 8?
7
Let p(x) = -37*x**3 - x**2 + x + 3. Calculate the remainder when p(-1) is divided by 25.
13
Let x = -26 + 47. Suppose 4*s + t - 20 = 0, -2*t = 4*s - 6*t - 40. What is the remainder when x is divided by s?
3
Suppose -2*g - 3*g + 15 = 0. Calculate the remainder when (-37)/2*(-5 + g) is divided by 4/2*13/2.
11
Calculate the remainder when 187 is divided by 2/3 - (-3)/(-9)*-28.
7
Let c(i) = i**2 + 4*i. What is the remainder when c(-6) is divided by 63/7 - (1 - -1)?
5
Let o = 181 - 131. What is the remainder when o is divided by 26?
24
Let d = -5 + 16. Let c(j) = j**2 - 3*j + 3. Suppose -3*i - 7 = 5. What is the remainder when c(i) is divided by d?
9
Let a = 6 - 6. Suppose a = -3*f - f. Suppose f = -4*l - c + 38, 4*c = -0*l - 2*l + 12. Calculate the remainder when l is divided by 4.
2
Calculate the remainder when 44 is divided by (-4)/7 - 763/(-49).
14
Let p = 24 - 15. What is the remainder when p is divided by 8?
1
Let g(b) = -b**2 - 10*b - 19. Calculate the remainder when 3 is divided by g(-7).
1
What is the remainder when 71 is divided by ((-1161)/126 - 2/7)*-2?
14
Suppose -1 = 2*y + 2*h + 3, -3*h - 6 = -y. Suppose y = 2*w - 57 - 1. Calculate the remainder when w is divided by 16.
13
Let z(t) = t**3 + t**2 + t + 21. Suppose 3*n = 2*n + 4. Let x = n + -4. What is the remainder when z(x) is divided by 11?
10
Let m(h) be the third derivative of h**4/24 + 5*h**3/6 - h**2. What is the remainder when 18 is divided by m(0)?
3
What is the remainder when 53 is divided by 2 + (9 - (-1 - 2))?
11
Suppose 0*k = -3*k + 36. Let f = k - -3. What is the remainder when 27 is divided by f?
12
Calculate the remainder when (-4)/(16/12) - (-1 - 26) is divided by 7.
3
Suppose 0 = h - 4*s + 30, 4*s - 5 = 11. Let v = 20 + h. What is the remainder when 16 is divided by v?
4
Let w = -65 - -108. Let t be 22/4*(2 + 0). Suppose -d + 0 = -t. What is the remainder when w is divided by d?
10
Suppose -2*x + 3 + 3 = l, l = 4. Suppose -4*f = -27 - x. Calculate the remainder when 33 is divided by f.
5
Suppose n - 3*n + 6 = 0. Suppose 50 = 4*q + 3*v, q - v - 22 = n*v. What is the remainder when 54 is divided by q?
12
Let k(u) = -u**3 + 10*u**2 - 2. Let v be k(10). What is the remainder when 114 is divided by 31/(4 - 3) + v?
27
Let s = 136 + -123. Suppose -2*d + 5*l + 36 = 0, 5*l + 28 = 8. Calculate the remainder when s is divided by d.
5
What is the remainder when 4*(-1 - 22/(-8)) is divided by (-8)/(-5) - 2/(-5)?
1
Let l be (2/(-6))/(2/246). Let i = l + 67. What is the remainder when 76 is divided by i?
24
Let x(p) = -3*p + 38. Calculate the remainder when x(0) is divided by 8.
6
Let f = 14 - 11. Let b(m) = 23*m - 8. What is the remainder when b(f) is divided by 21?
19
Let k(i) = i**3 + 8*i**2 + 4*i + 8. Suppose 2*p + 3*p = 75. What is the remainder when k(-7) is divided by p?
14
Let v(t) = t**2 + 11*t + 3. Calculate the remainder when v(-11) is divided by 1.
0
Suppose 2*h - 59 = 261. Suppose -15 + h = u. Suppose 175 = 5*q - u. What is the remainder when q is divided by 22?
20
Suppose 9*j = 14*j - 150. Calculate the remainder when j is divided by 8.
6
Let i = 4 + 0. What is the remainder when i is divided by 3?
1
Let j(i) = 2*i - 1. Let v(n) = -2*n + 2. Let z(w) = -2*j(w) - 3*v(w). Suppose -3 = -r + 3. What is the remainder when 22 is divided by z(r)?
6
Let y be (-760)/(-14) + (-2)/7. Suppose -y = -2*c - 4*c. Let n = 9 + -4. What is the remainder when c is divided by n?
4
Let q(v) = v**3 - 7*v**2 + 9*v - 9. What is the remainder when q(6) is divided by 7 - 0 - (3 - 1)?
4
Let v = 323 + -113. Suppose -v + 60 = -5*j. Calculate the remainder when j is divided by 8.
6
Let p(r) = r - 5. Let v be p(9). Suppose 8 = 2*d + 3*q, -v*q - 18 + 2 = 0. What is the remainder when d is divided by 7?
3
Suppose -s + 3*s + 38 = 0. Let b = s + 33. Calculate the remainder when b is divided by (14 + (-4 - 2))/((-2)/(-2)).
6
What is the remainder when 214 is divided by -5 + (-354)/(-12) + 1/(-2)?
22
Let m(x) = -x + 2. Let p be m(0). Suppose 2*y = -0*y + p. Calculate the remainder when 3 is divided by y.
0
What is the remainder when 57 is divided by 149/7 + (-2)/7?
15
Let p(z) = -2*z**2 - 15*z - 1. Let y(f) = -2*f**2 - 14*f - 1. Let a(d) = 2*p(d) - 3*y(d). Calculate the remainder when a(-8) is divided by 9.
6
Let z(t) = 12*t**2 + t + 2. Calculate the remainder when z(-2) is divided by 19.
10
Let u be 14/(-49) + (-74)/(-14). Suppose -2*r = 3*r - 4*g - 218, -220 = -u*r + 5*g. Suppose 4*k - k = r. Calculate the remainder when 40 is divided by k.
12
Let g = 8 + -5. Let a = 116 + -115. Calculate the remainder when (g - -10) + a*3 is divided by 9.
7
Suppose 0*f - f = -3*w + 48, -2*w = 5*f - 32. What is the remainder when 63 is divided by w?
15
Suppose 5*j - 30 = 2*i, -5*i = 5*j - 2*j - 18. Let g = j + 6. Calculate the remainder when 34 is divided by g.
10
Let x(a) = a + 3 - 2 + 2. Suppose -l = -2*g + 4*g - 20, -2*l - 32 = -2*g. Calculate the remainder when x(g) is divided by 8.
7
Let c(a) = -a**3 + a**2 - 5*a + 3. Let n be c(3). Let p be ((-4)/(-5))/((-4)/n). What is the remainder when (-2)/p*-3 + 29 is divided by 8?
6
Let f(o) = o**3 + 0*o - 4*o - 24*o**2 - 4 + 20*o**2. Calculate the remainder when f(5) is divided by 1.
0
Let g = -2 - -2. Let d(x) be the first derivative of x**3/3 - x**2/2 + 18*x + 2. Calculate the remainder when 35 is divided by d(g).
17
Let x = 46 + -10. Let o = -20 + x. Let c = -44 + 90. What is the remainder when c is divided by o?
14
Let w(z) = -z**2 + 9*z - 3. Calculate the remainder when 66 is divided by w(4).
15
Let a = -38 + 59. Suppose 4*l + l + 95 = 0. Let k = 30 + l. What is the remainder when a is divided by k?
10
Calculate the remainder when 42 is divided by (-1)/(-3 - 65/(-22)).
20
Let x = -3 + 3. Suppose -2*d = -b + 3, 3*b - 5*d = -x*b + 13. Suppose -5*p - 34 = -194. What is the remainder when p is divided by b?
10
Suppose 0 = -l - 3*l + 12. Let q(a) = a**2 - a - 3. Let b be q(l). Suppose b*d + 10 + 3 = h, -2*h = -2*d - 34. Calculate the remainder when 36 is divided by h.
17
Let v(h) = h**2 - 12*h - 15. Let g be v(15). Let x be 862/4 - (-1)/(-2). Suppose -5*t = -x + g. What is the remainder when t is divided by 19?
18
Let u(i) = -i**2 + 8*i + 5. Let o = 21 - 12. What is the remainder when o is divided by u(8)?
4
Let n = -3 + 5. Suppose 3*y - n - 13 = 0. Suppose y*x - 35 = -0*x. Calculate the remainder when 13 is divided by x.
6
Suppose 0 = 5*g - r - 15 - 84, 3*g - 58 = 2*r. Let k(i) = -2*i**3 - 8*i**2 + 16*i + 30. What is the remainder when k(-6) is divided by g?
18
Let d = -9 - -9. What is the remainder when d/(-2) - (-2 + -30) is divided by 11?
10
Suppose 3*y - 3 = 2*y. Suppose -4*x + 2 = -2*h + 4, 0 = -y*h + x - 7. Calculate the remainder when 34 is divided by -6*4*h/6.
10
Let n be -1 + 13 - (-9 + 10). Suppose -2*t + 13 + n = 0. Calculate the remainder when 